{"id":2,"date":"2020-07-23T05:50:23","date_gmt":"2020-07-23T03:50:23","guid":{"rendered":"http:\/\/laculman.moltrasioasd.it\/?page_id=2"},"modified":"2023-07-11T11:13:19","modified_gmt":"2023-07-11T09:13:19","slug":"pagina-di-esempio","status":"publish","type":"page","link":"https:\/\/laculman.moltrasioasd.it\/index.php\/pagina-di-esempio\/","title":{"rendered":"Programma"},"content":{"rendered":"\n<h4 class=\"wp-block-heading\"><strong>Programma<\/strong>&nbsp;<strong>Edizione 202<\/strong>2 <\/h4>\n\n\n\n<p><\/p>\n\n\n\n<p>Domenica 29 ottobre dalle ore 7.30 alle 9.30: distribuzione pettorali dietro al Grand Hotel Imperiale zona partenza (parcheggio campo da tennis).<\/p>\n\n\n\n<p>Ore 9.00 partenza navetta con gli zaini destinazione arrivo Trofeo La Culman presso Rif. Bugone.<\/p>\n\n\n\n<p>Ore 09.30: partenza del primo partecipante al <strong><em>Trofeo la Culman Vertical memorial Bobo Caminada<\/em><\/strong> <\/p>\n\n\n\n<p> <strong>PARTENZA<\/strong> <\/p>\n\n\n\n<p> Dalle Ore 12.00: Premiazioni e pranzo presso Rifugio Bugone <\/p>\n\n\n\n<p><\/p>\n\n\n<div class=\"wp-block-image\">\n<figure class=\"alignleft size-full is-resized\"><img data-recalc-dims=\"1\" loading=\"lazy\" decoding=\"async\" src=\"https:\/\/i0.wp.com\/laculman.moltrasioasd.it\/wp-content\/uploads\/2021\/07\/web-24-_MG_6032.jpg?resize=487%2C324&#038;ssl=1\" alt=\"\" class=\"wp-image-1911\" width=\"487\" height=\"324\" srcset=\"https:\/\/i0.wp.com\/laculman.moltrasioasd.it\/wp-content\/uploads\/2021\/07\/web-24-_MG_6032.jpg?w=851&amp;ssl=1 851w, https:\/\/i0.wp.com\/laculman.moltrasioasd.it\/wp-content\/uploads\/2021\/07\/web-24-_MG_6032.jpg?resize=300%2C200&amp;ssl=1 300w, https:\/\/i0.wp.com\/laculman.moltrasioasd.it\/wp-content\/uploads\/2021\/07\/web-24-_MG_6032.jpg?resize=768%2C512&amp;ssl=1 768w, https:\/\/i0.wp.com\/laculman.moltrasioasd.it\/wp-content\/uploads\/2021\/07\/web-24-_MG_6032.jpg?resize=450%2C300&amp;ssl=1 450w\" sizes=\"auto, (max-width: 487px) 100vw, 487px\" \/><\/figure>\n<\/div>\n\n\n<p><strong><strong>N.B.<br>Si potr\u00e0 parcheggiare al campo sportivo in via Roma<\/strong><\/strong>.<\/p>\n\n\n\n<p><\/p>\n\n\n\n<p><strong>Ci sar\u00e0 la possibilit\u00e0 di utizzare  gli spogliatoi della Canottieri Moltrasio per cambiarsi prima di partire. Si potr\u00e0 accedere mostrando il pettorale agli adetti alla sicurezza fuori dalla struttura<\/strong><\/p>\n\n\n\n<p><strong><strong><br>Per il Trofeo La Culman non sono presenti mezzi di trasporto dell&#8217;organizzazione per la discesa.<\/strong><\/strong><\/p>\n\n\n\n<p><br><\/p>\n","protected":false},"excerpt":{"rendered":"<p>Programma&nbsp;Edizione 2022 Domenica 29 ottobre dalle ore 7.30 alle 9.30: distribuzione pettorali dietro al Grand Hotel Imperiale zona partenza (parcheggio campo da tennis). Ore 9.00 partenza navetta con gli zaini destinazione arrivo Trofeo La Culman presso Rif. Bugone. Ore 09.30: partenza del primo partecipante al Trofeo la Culman Vertical memorial Bobo Caminada PARTENZA Dalle Ore &hellip;<\/p>\n","protected":false},"author":1,"featured_media":0,"parent":0,"menu_order":0,"comment_status":"closed","ping_status":"open","template":"","meta":{"ngg_post_thumbnail":0,"footnotes":""},"class_list":["post-2","page","type-page","status-publish","hentry"],"jetpack-related-posts":[],"jetpack_sharing_enabled":true,"_links":{"self":[{"href":"https:\/\/laculman.moltrasioasd.it\/index.php\/wp-json\/wp\/v2\/pages\/2","targetHints":{"allow":["GET"]}}],"collection":[{"href":"https:\/\/laculman.moltrasioasd.it\/index.php\/wp-json\/wp\/v2\/pages"}],"about":[{"href":"https:\/\/laculman.moltrasioasd.it\/index.php\/wp-json\/wp\/v2\/types\/page"}],"author":[{"embeddable":true,"href":"https:\/\/laculman.moltrasioasd.it\/index.php\/wp-json\/wp\/v2\/users\/1"}],"replies":[{"embeddable":true,"href":"https:\/\/laculman.moltrasioasd.it\/index.php\/wp-json\/wp\/v2\/comments?post=2"}],"version-history":[{"count":27,"href":"https:\/\/laculman.moltrasioasd.it\/index.php\/wp-json\/wp\/v2\/pages\/2\/revisions"}],"predecessor-version":[{"id":6025,"href":"https:\/\/laculman.moltrasioasd.it\/index.php\/wp-json\/wp\/v2\/pages\/2\/revisions\/6025"}],"wp:attachment":[{"href":"https:\/\/laculman.moltrasioasd.it\/index.php\/wp-json\/wp\/v2\/media?parent=2"}],"curies":[{"name":"wp","href":"https:\/\/api.w.org\/{rel}","templated":true}]}}

<h4 class="wp-block-heading"><strong>Programma</strong>&nbsp;<strong>Edizione 202</strong>2 </h4>



<p></p>



<p>Domenica 29 ottobre dalle ore 7.30 alle 9.30: distribuzione pettorali dietro al Grand Hotel Imperiale zona partenza (parcheggio campo da tennis).</p>



<p>Ore 9.00 partenza navetta con gli zaini destinazione arrivo Trofeo La Culman presso Rif. Bugone.</p>



<p>Ore 09.30: partenza del primo partecipante al <strong><em>Trofeo la Culman Vertical memorial Bobo Caminada</em></strong> </p>



<p> <strong>PARTENZA</strong> </p>



<p> Dalle Ore 12.00: Premiazioni e pranzo presso Rifugio Bugone </p>



<p></p>


<div class="wp-block-image">
<figure class="alignleft size-full is-resized"><img data-recalc-dims="1" loading="lazy" decoding="async" src="https://i0.wp.com/laculman.moltrasioasd.it/wp-content/uploads/2021/07/web-24-_MG_6032.jpg?resize=487%2C324&#038;ssl=1" alt="" class="wp-image-1911" width="487" height="324" srcset="https://i0.wp.com/laculman.moltrasioasd.it/wp-content/uploads/2021/07/web-24-_MG_6032.jpg?w=851&amp;ssl=1 851w, https://i0.wp.com/laculman.moltrasioasd.it/wp-content/uploads/2021/07/web-24-_MG_6032.jpg?resize=300%2C200&amp;ssl=1 300w, https://i0.wp.com/laculman.moltrasioasd.it/wp-content/uploads/2021/07/web-24-_MG_6032.jpg?resize=768%2C512&amp;ssl=1 768w, https://i0.wp.com/laculman.moltrasioasd.it/wp-content/uploads/2021/07/web-24-_MG_6032.jpg?resize=450%2C300&amp;ssl=1 450w" sizes="auto, (max-width: 487px) 100vw, 487px" /></figure>
</div>


<p><strong><strong>N.B.<br>Si potrà parcheggiare al campo sportivo in via Roma</strong></strong>.</p>



<p></p>



<p><strong>Ci sarà la possibilità di utizzare  gli spogliatoi della Canottieri Moltrasio per cambiarsi prima di partire. Si potrà accedere mostrando il pettorale agli adetti alla sicurezza fuori dalla struttura</strong></p>



<p><strong><strong><br>Per il Trofeo La Culman non sono presenti mezzi di trasporto dell&#8217;organizzazione per la discesa.</strong></strong></p>



<p><br></p>
